-4*n + 525. Does 15 divide n?
True
Let j = -116 + 126. Is j a multiple of 4?
False
Let j = -45 + 129. Does 11 divide j?
False
Let v(o) = -o + 26. Suppose -4*t + 24 = -4*k - 12, -4*t + 5*k = -34. Is v(t) a multiple of 15?
True
Let v be (8/12)/(2/9). Suppose -3*s + v = -0*s. Does 8 divide -4*4*(s + -2)?
True
Let m(k) = k**3 + 5*k**2 + 2*k - 4. Let b be 1/3 + 68/12. Let r be ((-2)/(-4))/((-1)/b). Is 8 a factor of m(r)?
True
Suppose 2 = 2*j - 40. Does 16 divide (392/j)/((-2)/(-6))?
False
Let z(v) = 0*v**2 - 9*v - 2*v**2 + 3*v**2 + 10 + 3*v. Suppose -9 = -3*w + 12. Does 6 divide z(w)?
False
Suppose 2*t - 328 = -5*w, -2*w = -t - 90 - 34. Does 7 divide w?
False
Let r = 20 - 10. Let u = 38 - r. Is u a multiple of 14?
True
Suppose 4*y = 4*j - 12, -3*y - 3*j + 8 = -1. Let z be 1 - (-14 + y + 3). Is 7 a factor of ((-8)/z)/((-2)/33)?
False
Let d(m) = m**3 - 5*m**2 - 5*m. Let q be (-2 - 0)*(-6)/2. Is d(q) a multiple of 4?
False
Let z be 1188/(-20) + 2/5. Let r = -21 - z. Is 19 a factor of r?
True
Suppose -w + 4*j = -36, w - 2*j = 6*w - 202. Does 16 divide w?
False
Let a(k) = 20*k + 4. Let c(j) = -j + 1. Let m(s) = -a(s) + 3*c(s). Is 11 a factor of m(-1)?
True
Let y(m) = -m**2 - 16*m + 9. Does 19 divide y(-12)?
True
Let n be (2/(-3))/((-1)/(-3)). Let i = 0 + 1. Is (n - i)/(6/(-16)) a multiple of 7?
False
Let s(z) = z**2 + 6*z - 3. Let c(t) = t**2 + 6*t - 3. Let b(f) = -3*c(f) + 4*s(f). Is b(-7) a multiple of 2?
True
Let i(q) = -26*q - 4. Let s be i(-5). Suppose 4*n - 10 = s. Is 17 a factor of n?
True
Suppose 0 = -0*d - 3*d + 9. Suppose 5*j - 10 = 0, d*i - j + 2 = 5*i. Suppose -2*v - 2 + 84 = i. Does 19 divide v?
False
Suppose 5*t = g + 3*g + 139, -5*t - 4*g + 171 = 0. Does 11 divide t?
False
Suppose 47 + 137 = 4*d + 4*t, -d + 61 = -4*t. Is d a multiple of 7?
True
Suppose -u = 3*u - 304. Suppose 2*z = 6*z - u. Is 19 a factor of z?
True
Let a(s) = -s - 6. Let z be a(-6). Is 17 a factor of (-5 - z)/((-2)/12)?
False
Suppose -7*o = -3*k - 2*o + 25, 32 = 3*k + 2*o. Let u = 31 - k. Does 7 divide u?
True
Let u(a) = a**3 - 5*a**2 - 2*a - 4. Let c be u(4). Is (3/(-6))/(1/c) a multiple of 4?
False
Suppose -w = -2*p - 3*w + 90, 5*p = 4*w + 180. Is p a multiple of 20?
True
Let b(q) = q**3 + 7*q**2 + 6*q + 7. Let h(m) = m**3 - 8*m**2 + 6*m + 1. Let y be h(7). Is b(y) a multiple of 5?
False
Suppose 4*q = -2*d + 270 + 14, -340 = -5*q + 5*d. Is 14 a factor of q?
True
Let m(v) = 2*v + 10. Let a be (-27)/(-4) + 3/12. Let k be m(a). Suppose -y = 2*y - k. Is 6 a factor of y?
False
Let z(a) = -a**2 - 2. Let k be z(2). Let h = -4 - k. Suppose -h = d - 6. Is d a multiple of 3?
False
Suppose 4*c = -5*u + 530, -4*c = 2*u - 362 - 174. Is 9 a factor of c?
True
Let k = -6 + 6. Suppose -z + 3 + k = 0. Suppose 16 = b - r, -4*b + 53 = -z*r - 13. Does 6 divide b?
True
Let o be (-2)/4 + (-98)/4. Let d = o + 43. Does 9 divide d?
True
Let v = -29 + 62. Let t = v + 6. Suppose -t = -a - 11. Is a a multiple of 14?
True
Let x(g) = g + 6. Let o be x(-4). Suppose 0 = -3*v - z + 114 - 17, 128 = 4*v + o*z. Is 15 a factor of v?
False
Does 7 divide 64 - (-1 - 2) - -3?
True
Suppose 0*j - 381 = -2*j - c, j + 2*c - 195 = 0. Suppose 4*h - j + 33 = 0. Suppose 3*n + 2*b = h, 0 = -3*n - 3*b + 23 + 19. Is 11 a factor of n?
True
Suppose 3*z - 5*f = -f + 21, 0 = 2*z - 4*f - 18. Suppose -5*i + z*y = -97, 3*y + 3 + 9 = 0. Is 17 a factor of i?
True
Suppose -5*i + 8*i - c = 42, -3*i + 54 = -5*c. Suppose i = 4*u - 7. Does 5 divide u?
True
Suppose -117 = -4*t - 41. Is 6 a factor of t?
False
Suppose 3*h - 17 - 70 = 0. Is h a multiple of 15?
False
Suppose 0 = -5*c - 2 - 48. Let b be (-1*1)/(5/c). Suppose -b*u = 2*u - 104. Does 11 divide u?
False
Let j(q) = 6*q - 9. Let z(l) = -2*l + 5. Let k be z(-3). Is 19 a factor of j(k)?
True
Let a be (-6)/(-2) - (-9)/3. Let i be (-119)/(-7) + 0 + 0. Let u = i - a. Does 6 divide u?
False
Let s = 49 - -64. Suppose 4*k - 4*v + 1 = s, k = 4*v + 13. Is k a multiple of 11?
True
Suppose 2*k + 0*k = 72. Is k a multiple of 18?
True
Let k = -108 - -172. Does 12 divide k?
False
Let s(f) = f**3 - 4*f**2 + f - 2. Suppose -3*x + 5 = -2*x. Does 18 divide s(x)?
False
Suppose 0 = 3*a - 1703 - 1873. Let o be a/12 - (-4)/6. Suppose -3*m - 2*m + o = 0. Is m a multiple of 12?
False
Let c(y) = y**2 - 7*y - 12. Let k be (1 - -8)*(1 - 0). Let n be c(k). Is ((-4)/(-3))/(n/45) a multiple of 6?
False
Let w = 10 - -5. Suppose -w = 2*s - 7*s - 5*b, -3*s = -b - 21. Is 4 a factor of s?
False
Let x = 113 - 78. Is 6 a factor of x?
False
Let f be (1 - 18)*-2*1. Suppose 4*o - 77 = -5*d, 0 = -3*o + 2*d + 23 + 52. Let t = f - o. Is t a multiple of 8?
False
Let c(u) = -u**3 + 3*u**2 + 6*u - 4. Does 21 divide c(-4)?
True
Suppose -23 = c + 5*j, 0 = -j - 3 - 2. Is 2 a factor of c?
True
Suppose -22*m = -1077 - 1189. Does 7 divide m?
False
Let y be (-90)/12*(-3 - -1). Is 8 a factor of (y/6)/((-1)/(-8))?
False
Let k(x) = -2*x**3 - 2*x**2 - 5*x - 4. Let a be k(-5). Suppose -4*y = -a + 57. Is 15 a factor of y?
False
Let y = -64 + 156. Does 17 divide y?
False
Is 7 a factor of -12*(1 + 0)*15/(-5)?
False
Suppose 0 = -3*q + 12, 2*q + 2 = 5*c - 0*c. Suppose -1 = 5*a - 241. Suppose -c*r - 2 = -a. Does 17 divide r?
False
Let o(v) = -v**2 - 6*v + 1. Let y be o(-6). Does 7 divide 22/y + (-3)/3?
True
Suppose 0 = -3*r - 4*i + 236, -3*r - 3*i + 206 = -5*i. Suppose 4*x - 154 = -3*m, 2*x + r = 4*x - m. Is x a multiple of 13?
False
Let i(j) = 3*j**2 + 8*j + 3. Suppose -36 = 2*p + 4*p. Is 13 a factor of i(p)?
False
Suppose 1 + 4 = 5*n. Let g be (n*8)/(-4 - -6). Suppose -3*v - g*z = -43, v + 3*v - 60 = -4*z. Is 7 a factor of v?
False
Suppose -3*a - 4*n = -8*n - 4, 0 = 3*a - 2*n - 8. Suppose 2*o - 10 = a*i, -o + 6*o - 2*i = 17. Suppose o*w = -w + 12. Is w a multiple of 2?
False
Let j(v) be the third derivative of v**5/30 - 5*v**4/12 + 2*v**3 - 5*v**2. Does 20 divide j(8)?
True
Let p(q) = -6*q + 9. Let d be p(1). Suppose -2*h + 107 = 5. Suppose d*l - 6*l = -h. Does 5 divide l?
False
Let p = 25 + -20. Is 5 a factor of p?
True
Let f be ((-2)/1)/(-2) - 15. Is 4 a factor of (3 + 54/(-14))*f?
True
Suppose -2*z = 3*z. Suppose 0 = -z*s - 2*s + 44. Is s a multiple of 11?
True
Suppose -161 = 5*h + g, 0*h + 126 = -4*h + 2*g. Suppose -5*o - 3*u - 210 = -6*u, 0 = -3*o + 5*u - 110. Let c = h - o. Is 10 a factor of c?
False
Let u be (-5)/(2/(7 - 1)). Let k = u - -29. Suppose f - k = -2. Is f a multiple of 6?
True
Suppose 2*a + 4*k - 71 = 35, -k = -4*a + 257. Does 21 divide a?
True
Let q(d) = d**3 + d**2 - d - 1. Let j(w) = -8*w**3 - 11*w**2 + 2*w + 3. Let g(m) = j(m) + 6*q(m). Does 9 divide g(-3)?
True
Is 5 a factor of 16/(-24) - (-59)/3?
False
Let k = -3 + 5. Suppose -i - k*h = -45, -h + 84 = 2*i + h. Is i a multiple of 21?
False
Let k = -2 - -4. Suppose -2*t + k*z - 2 = 0, -4*z + 14 = -2*t + z. Is t even?
False
Suppose 2*o - 15 = 19. Let f(q) = 2*q**2 - 3*q - 1. Let r be f(6). Suppose -r = -4*t - o. Does 5 divide t?
False
Does 10 divide ((-135)/(-36))/(3/16)?
True
Let v = -1 + 0. Suppose -4*c + 24 = -0*c. Is 5 a factor of v + c - (0 - 0)?
True
Let f(b) = 4*b**2 - b + 1. Let h be f(1). Suppose -5*p + 36 = -h*y + 13, y + 11 = 3*p. Is 10 a factor of (y - 1)/((-3)/20)?
True
Suppose -3*j - 4*x = -32, -2*j - x + 6*x - 17 = 0. Let c = j - 7. Let w(a) = -a**3 + a - 2. Is 11 a factor of w(c)?
True
Let c = 14 - -5. Let n = c + -16. Is n a multiple of 3?
True
Let y(u) be the third derivative of -3*u**5/20 + 7*u**4/12 + 2*u**3/3 - u**2. Let i(c) = -4*c**2 + 7*c + 2. Let p(n) = 7*i(n) - 3*y(n). Is 12 a factor of p(5)?
True
Let o = -136 + 254. Suppose 4*u = -2*z - 72 - 62, 2*z = 3*u + o. Does 10 divide 8/u - (-182)/9?
True
Suppose -4*g = 2*q + 10, 11 - 33 = -2*q + 4*g. Suppose 2*m - 55 = 3*v, q*m = -2*v + v + 55. Is (-2 - m/(-6))*12 a multiple of 11?
False
Let h = 13 + 6. Is h a multiple of 19?
True
Suppose 5*p - k - 922 = -0*k, 4*k = -4*p + 728. Let j = p + -108. Let w = j - 50. Is w a multiple of 12?
False
Let f = -21 - -37. Suppose -o - 18 = f. Let s = o + 56. Is 12 a factor of s?
False
Suppose 64 = 4*a - 0*c - 2*c, -5*a + c + 86 = 0. Suppose -a = -2*m + 12. Does 4 divide m?
False
Let s = -11 - -18. Let r = s + -2. Suppose -r*d - 2 = -5*n - 167, -d + 5*n = -13. Is d a multiple of 19?
True
Let p = 21 + -6. Does 6 divide p?
False
Let l(o) = 4*o**2 - 5*o + 4. Let q 